1392
Calculate the remainder when 598425 is divided by 22.
3
What is the remainder when 70377 is divided by 31205?
7967
Calculate the remainder when 1499251 is divided by 1853.
174
What is the remainder when 15448455 is divided by 3862111?
11
Calculate the remainder when 1345655 is divided by 167.
136
What is the remainder when 294442 is divided by 720?
682
What is the remainder when 294348839 is divided by 410?
409
Calculate the remainder when 124722733 is divided by 18607.
12
What is the remainder when 5453412 is divided by 1407?
1287
Calculate the remainder when 19582010 is divided by 6154.
6136
Calculate the remainder when 48266449 is divided by 52.
49
What is the remainder when 2818056 is divided by 7263?
12
Calculate the remainder when 114819795 is divided by 12.
3
What is the remainder when 52215 is divided by 6472?
439
Calculate the remainder when 39517858 is divided by 102.
100
Calculate the remainder when 853017 is divided by 426445.
127
What is the remainder when 7718307 is divided by 797?
159
What is the remainder when 15129327 is divided by 879?
858
What is the remainder when 139383 is divided by 1659?
27
What is the remainder when 37377841 is divided by 84757?
4
Calculate the remainder when 2230433 is divided by 343.
247
What is the remainder when 5109619 is divided by 18?
13
Calculate the remainder when 80881 is divided by 9883.
1817
What is the remainder when 163867292 is divided by 476?
8
Calculate the remainder when 181030 is divided by 3847.
221
What is the remainder when 54232 is divided by 6776?
24
Calculate the remainder when 14676417 is divided by 73382.
17
Calculate the remainder when 20985713 is divided by 245.
238
What is the remainder when 367972 is divided by 6942?
46
What is the remainder when 42637131 is divided by 99?
9
What is the remainder when 43279118 is divided by 153?
8
What is the remainder when 4097030 is divided by 987?
980
Calculate the remainder when 205531 is divided by 1790.
1471
Calculate the remainder when 17012197 is divided by 20.
17
What is the remainder when 666524 is divided by 401?
62
Calculate the remainder when 2907 is divided by 141.
87
What is the remainder when 50338979 is divided by 57?
56
What is the remainder when 663903089 is divided by 261?
260
What is the remainder when 851054 is divided by 84953?
1524
Calculate the remainder when 444927 is divided by 88973.
62
What is the remainder when 493008 is divided by 5?
3
What is the remainder when 2779816 is divided by 294?
46
Calculate the remainder when 129145 is divided by 43039.
28
What is the remainder when 582557 is divided by 412?
401
What is the remainder when 4062511 is divided by 109784?
503
Calculate the remainder when 479828999 is divided by 375.
374
Calculate the remainder when 11745 is divided by 3456.
1377
What is the remainder when 605905 is divided by 291?
43
What is the remainder when 24259950 is divided by 158?
156
Calculate the remainder when 2802231 is divided by 822.
33
Calculate the remainder when 7322838 is divided by 2213.
21
Calculate the remainder when 135033449 is divided by 6271.
6
What is the remainder when 203741 is divided by 203408?
333
Calculate the remainder when 777206 is divided by 35.
31
Calculate the remainder when 1340520 is divided by 93.
18
What is the remainder when 23720940 is divided by 787?
760
Calculate the remainder when 584217 is divided by 111.
24
Calculate the remainder when 1172365106 is divided by 454.
452
What is the remainder when 2733031 is divided by 3486?
7
Calculate the remainder when 1111206 is divided by 49.
33
Calculate the remainder when 3409768 is divided by 44865.
28
Calculate the remainder when 7387040 is divided by 1258.
64
What is the remainder when 1398080 is divided by 5?
0
What is the remainder when 751001 is divided by 327?
209
What is the remainder when 307280 is divided by 76429?
1564
What is the remainder when 1484874 is divided by 178?
176
Calculate the remainder when 5719111 is divided by 8.
7
Calculate the remainder when 2851870 is divided by 60678.
4
Calculate the remainder when 150191 is divided by 49941.
368
What is the remainder when 1879532 is divided by 375893?
67
What is the remainder when 661211 is divided by 7129?
5343
Calculate the remainder when 588758 is divided by 680.
558
Calculate the remainder when 246776 is divided by 1408.
376
What is the remainder when 9836681 is divided by 2459166?
17
What is the remainder when 4004320 is divided by 42?
40
What is the remainder when 3428458 is divided by 50418?
34
Calculate the remainder when 195085 is divided by 832.
397
Calculate the remainder when 1179076222 is divided by 1649.
1646
What is the remainder when 123983092 is divided by 2026?
2022
What is the remainder when 100134 is divided by 894?
6
What is the remainder when 3141474 is divided by 1426?
1422
Calculate the remainder when 2689912 is divided by 82.
66
Calculate the remainder when 7672532 is divided by 2222.
2188
What is the remainder when 31801419 is divided by 138?
9
Calculate the remainder when 543741 is divided by 354.
351
What is the remainder when 118168 is divided by 576?
88
What is the remainder when 65056 is divided by 692?
8
What is the remainder when 29280 is divided by 279?
264
Calculate the remainder when 1469194 is divided by 734552.
90
What is the remainder when 158131 is divided by 1106?
1079
What is the remainder when 271422 is divided by 205?
2
What is the remainder when 8495 is divided by 2721?
332
What is the remainder when 1598536 is divided by 3788?
0
What is the remainder when 1116739 is divided by 3773?
3704
What is the remainder when 2256496 is divided by 2061?
1762
Calculate the remainder when 1125955 is divided by 80420.
75
What is the remainder when 240951 is divided by 3094?
2713
What is the remainder when 42250801 is divided by 29?
5
What is the remainder when 188256 is divided by 2612?
192
Calculate the remainder when 868353 is divided by 4471.
979
What is the remainder when 2703644 is divided by 228?
20
Calculate the remainder when 1433404 is divided by 477800.
4
What is the remainder when 9835837 is divided by 8414?
8285
Calculate the remainder when 219366 is divided by 7560.
126
Calculate the remainder when 394443 is divided by 128373.
9324
What is the remainder when 240001 is divided by 239?
45
Calculate the remainder when 92962 is divided by 1408.
34
Calculate the remainder when 5618045 is divided by 2120.
45
What is the remainder when 1515255 is divided by 303048?
15
Calculate the remainder when 8287358 is divided by 477.
437
Calculate the remainder when 1612510 is divided by 537502.
4
What is the remainder when 146544493 is divided by 16?
13
Calculate the remainder when 66640545 is divided by 105611.
4
Calculate the remainder when 2813313 is divided by 905.
573
Calculate the remainder when 94843554 is divided by 697379.
10
What is the remainder when 2449664 is divided by 15?
14
What is the remainder when 4161440 is divided by 83?
69
What is the remainder when 651078 is divided by 3597?
21
Calculate the remainder when 622079 is divided by 621827.
252
What is the remainder when 6786670 is divided by 363?
22
Calculate the remainder when 4294034 is divided by 1531.
1110
Calculate the remainder when 5902215 is divided by 236085.
90
What is the remainder when 646855 is divided by 58802?
33
What is the remainder when 1499517 is divided by 12091?
233
Calculate the remainder when 786442631 is divided by 582.
581
What is the remainder when 4667255 is divided by 72?
71
Calculate the remainder when 24516440 is divided by 1130.
1090
What is the remainder when 4671 is divided by 4124?
547
What is the remainder when 4604 is divided by 2136?
332
Calculate the remainder when 24297252 is divided by 181.
174
Calculate the remainder when 368999 is divided by 368912.
87
Calculate the remainder when 1839469 is divided by 1699.
1151
What is the remainder when 119604 is divided by 82?
48
What is the remainder when 236623 is divided by 1621?
1578
What is the remainder when 2406545 is divided by 875?
295
What is the remainder when 43115650 is divided by 78?
58
Calculate the remainder when 7101527 is divided by 7101526.
1
Calculate the remainder when 387664 is divided by 77527.
29
Calculate the remainder when 41902 is divided by 4